ppose -189*p + 361026 = -171*p. Is p prime?
False
Let c(j) = 2*j - 5. Let g be c(5). Suppose 4*x = -3*i + 675, 4*x = i - 2*i + 233. Suppose i - 46 = g*z. Is z composite?
True
Suppose 3*u = -2*o + 15, 3*u + 9 = -4*o + 30. Let y(b) = 45*b - 8. Is y(u) a composite number?
False
Let p(y) = 70*y**2 + 10*y - 9. Suppose a - 6 = -v, -3*a = -2*a + 4*v - 12. Is p(a) a prime number?
True
Suppose -19 = -i - 17, -3*s + 2603 = -2*i. Is s composite?
True
Suppose 12*l = 15*l - 5202. Is 2/10 + l/5 prime?
True
Let o(w) = 4*w**2 - 22*w - 24. Suppose -2*a = 3*a - 85. Is o(a) a prime number?
False
Let a = -15 - -14. Let n be a/(-2) + (-605)/(-2). Suppose 3*q + 857 = 3*s + 2*q, -4*q = s - n. Is s a prime number?
False
Suppose 3*q + 0*q - 1047 = 0. Let g = 588 - q. Is g a prime number?
True
Suppose -3*a - 46 + 31 = 0, 4*a = -3*t + 90703. Is t prime?
True
Is (4/(-6))/((-22)/3259509) prime?
True
Let v be (7 + (-4)/4)*(2 - 1). Suppose 11*b - v*b = 4090. Is b a composite number?
True
Suppose 31268 = 10*n - 427962. Is n prime?
False
Let p(g) = -844*g**3 - 4*g**2 - 3*g + 22. Is p(-5) a prime number?
True
Suppose 4*i - 10 = 2*i. Suppose -i*u - 91 = 59. Is ((-15)/u)/(2/1004) a composite number?
False
Is (-265272)/(-36) - (-1)/3 prime?
True
Let q(a) = -2*a - 9. Suppose 0 = -4*z - 5*j + 4*j - 25, -4*j = -3*z - 33. Let g be q(z). Suppose -g*k + k + 316 = 0. Is k a prime number?
True
Suppose 0 = 2*u - 9073 - 2031. Suppose -7853 = -5*b + u. Is b a composite number?
True
Is ((-28)/16 - (-336795)/(-20))*-2 a composite number?
True
Let l(y) = 2*y**3 - 11*y**2 + 9*y - 17. Suppose 0 = o - 0*o - 9. Is l(o) a prime number?
True
Let h(n) = -514*n - 43. Is h(-6) a prime number?
True
Suppose -6*s = -8 - 10. Suppose -s*c = -5*c + 370. Is c a prime number?
False
Is ((-92464)/(-24))/((-18)/(-135)) a composite number?
True
Let s(x) = 2*x**2 + 17*x - 36. Suppose 0 = 4*v - 2*v + 5*y - 60, y + 98 = 4*v. Is s(v) composite?
True
Let m = -9 - -13. Suppose 1514 = m*a - 2*g, 3*a - 4*a = -2*g - 377. Is a a prime number?
True
Suppose 0 = 3*p + 4*m + 673, 885 = -4*p - 4*m - 19. Let g = 3038 + p. Is g a prime number?
False
Let o be (-156)/(-8)*(-2)/3. Let u(x) = -x**2 - 12*x + 16. Let d be u(o). Let a(l) = 5*l**3 + 4*l**2 - 3*l - 1. Is a(d) composite?
True
Let b(q) = q**3 + 13*q**2 - 2*q - 4. Let l be ((-13)/(-4))/((-9)/36). Is b(l) a prime number?
False
Let q be (-436 + 2)*(-2 + 0 + 0). Suppose 13*y - 9*y = q. Is y a prime number?
False
Let m be (2 - (-88)/(-6))/(40/(-60)). Suppose -m*t + 13*t + 498 = 0. Is t a prime number?
True
Let h(u) = -142*u - 15. Is h(-14) composite?
False
Is (2714 - 4)/2 + 6 a composite number?
False
Suppose 4*c + 4*n = 12488, 3*c + 0*n + 2*n = 9363. Is c a prime number?
True
Let n = -143 + 81. Let r = 51 - n. Is r composite?
False
Is (-2)/(-7) - 11573579/(-553) composite?
False
Suppose 3*k = -2024 - 910. Let y = 2065 + k. Is y a prime number?
True
Suppose -36*h = -460618 + 84958. Is h a prime number?
False
Let f(j) = 3*j - 33. Let s be f(12). Suppose 5*p - 80 = -5*d, -s*d + 16*p = 20*p - 45. Is d composite?
False
Let l = -89641 - -177632. Is l prime?
True
Let f(l) = 97*l - 3. Let t = 15 + -13. Let c be f(t). Suppose -4*x + c = r, -3*x = -5*r - 477 + 1547. Is r prime?
True
Let f(k) = -k - 15. Let h be f(-9). Let n be 2*4/(-16)*h. Suppose n*p + 0*p = 447. Is p a prime number?
True
Let q = 61247 - 31941. Is q a prime number?
False
Let d(i) = -4*i**3 - 2*i**3 + 5*i**3 - 9 + 9*i**2. Suppose 3 + 12 = 3*u, -4*j + 3 = -5*u. Is d(j) a composite number?
False
Let v = -8 - 0. Let s = v + 10. Suppose s*o - d - 260 = 0, 0 = -5*o - 8*d + 3*d + 665. Is o composite?
False
Suppose 2*z = z + 4*p + 310, -275 = -z - 3*p. Suppose -26*g - z = -28*g. Is g prime?
False
Let j(t) = -t - 2. Let i be j(-5). Suppose i*w + 4*b - 266 = 1129, 0 = -4*w + 4*b + 1888. Is w a composite number?
True
Let y(c) = c**2 - 13*c - 12. Let q be y(14). Let x be 0 - (1 - 2) - -55. Suppose -2*f + 3*f - x = -2*v, -q*f + 5*v + 139 = 0. Is f composite?
True
Suppose -3 = 13*k - 14*k. Suppose -l = -w + 1148, -k*w + 2*w + 4*l + 1139 = 0. Is w a prime number?
True
Let y be (6/(-12)*2)/((-3)/93). Suppose -8*h + 11*h + f - 101 = 0, h + 3*f - y = 0. Is h composite?
True
Let x(r) be the first derivative of r**4/4 + 8*r**3 + 13*r**2/2 - 7*r + 13. Is x(-21) prime?
False
Let g = -13 + 15. Suppose -16 = -g*r + 6. Suppose -7*v = -r*v + 356. Is v a composite number?
False
Suppose -3*m = 2*p - 2504, -72 = 3*p + 4*m - 3829. Let f(b) = -b**2 + 5*b + 5. Let t be f(5). Suppose t*q - p = 210. Is q a composite number?
False
Suppose -4*z + 12 = -4. Let i = z + 4. Is 278*4/i*1 prime?
True
Let a(w) = w**3 + 39*w**2 - 24*w - 85. Is a(-27) composite?
False
Suppose 0 = -5*n - 4*x + 18, 2*n + 3*x + 27 = 5*n. Suppose -n = -5*u + 4. Suppose m = u*b - 36, b + 25 = 2*b + 3*m. Is b a prime number?
True
Let l be (140/6)/((-3)/(-36)). Suppose 4*v + 4*t = l, -4*v + 0*t + t + 255 = 0. Is v a prime number?
False
Is 1061*((-2)/2 - 8/(-4)) prime?
True
Let m be 9/(1080/(-16))*-15. Suppose 0 = -3*z + 7 - 1. Suppose -2*c - 1036 = -z*f - 6*c, -4*f + m*c = -2052. Is f a prime number?
False
Let x(l) = 315*l - 47. Is x(18) prime?
True
Suppose 0 = -3*r + 4*o + 4171, o = 8 - 3. Is r a prime number?
False
Suppose -9*i + 26 = -64. Suppose 2*z = l - i - 73, 74 = l + z. Is l composite?
True
Let s(l) = l**3 + 7*l**2 + 2*l + 6. Suppose 3*f - 5*f = -4. Let v = -7 + f. Is s(v) a prime number?
False
Suppose -732481 = 59*l - 82*l. Is l a prime number?
True
Let j = 101 + -69. Let v = j + -27. Suppose -3*f - f + 1629 = v*q, -3*f - 12 = 0. Is q a composite number?
True
Let t(x) = -x. Let r(p) = 7*p**2 + 5*p + 3. Let h(l) = r(l) + 2*t(l). Suppose -20 = k - 6*k. Is h(k) prime?
True
Let g be 1 + 7 + (-16)/4. Suppose -g*m + 1113 = 4*y - 3*y, 0 = 2*y - 5*m - 2239. Is y a prime number?
True
Suppose -3*z = -5*d + 398, 3*z - 2*z + 146 = -5*d. Let g = z - -249. Is g prime?
True
Is (12/9)/((-12)/(-9)) + 5076 composite?
False
Let s(t) = t**3 + 23*t**2 + 10*t + 25. Is s(-21) a composite number?
True
Let h(m) = 26*m - 18. Let v be h(9). Suppose w - 3*n = 54, 0 = -w - 3*n + n + 74. Suppose 0 = 2*b - v - w. Is b a prime number?
False
Is 2/(-18)*-32785 + (-4)/(-18) composite?
False
Suppose 2*c - 10 = -0*c, i + c = 892. Is i a composite number?
False
Let z(i) = 5*i**2 + 4*i + 3. Let t be z(-1). Let f be (-1)/(1*t/(-12)). Suppose -6 - 60 = -f*b. Is b prime?
False
Suppose a - 12 = -2*a. Suppose a*w - 7 = 8*o - 3*o, -3*o = -4*w + 9. Is (w + (-6)/3)*87 prime?
False
Let s be 4 + (-4 - 3) + 2. Let g be 0*(-1)/1*s. Suppose f - 60 = -m + 2*m, g = -3*f - 5*m + 140. Is f a composite number?
True
Is 40474/30 + (-2 - (-168)/90) a prime number?
False
Let t(l) = -l**3 - 4*l**2 + 4. Let q be t(-3). Let g be 8/(-20) + (-137)/q. Suppose -1671 = 24*f - g*f. Is f composite?
False
Suppose 0 = 22*j - 342720 + 140386. Is j composite?
True
Suppose o - 5*o = 0, -36 = 4*p + 3*o. Let v be 159/p + (-2)/(-3). Let z = v - -52. Is z prime?
False
Let o = -422 + 841. Is o composite?
False
Suppose -5 - 5 = -2*f. Suppose 1849 + 7386 = f*c. Is c prime?
True
Let c be ((-1035)/(-6))/(((-3)/24)/(-1)). Let a = c - 883. Is a a prime number?
False
Suppose 0 = -x + s + 7964, x - s = 4*x - 23880. Is x composite?
True
Suppose -10*d - 4*h = -12*d + 44852, -4*h = 0. Is d a prime number?
False
Suppose o - 17 = -4*z, 5*z + 0*z = -4*o + 35. Is 2204 + 5/(-15)*z prime?
True
Let m(b) = -7*b + 3 - b + 3*b**2 + 8*b + b**3. Let t be m(-3). Suppose 0 = n - y - 38, 3*n - t*y = -n + 157. Is n a prime number?
True
Let q = -739 + 4334. Is q a prime number?
False
Is 8 + -12 + ((-2)/2 - -268) prime?
True
Suppose -c = -17 + 5. Let h be (-1112)/c - (-4)/6. Is 7/((-3)/(h - 1)) a prime number?
False
Is (-2)/((-2510)/9976 + (-8)/(-32)) prime?
False
Let m = 7427 + -3594. Is m a composite number?
False
Is 93910/15 - 2 - (-20)/(-12) a prime number?
True
Suppose u - 2*k - 3041 = 0, 3*u - k - 4*k = 9121. Is u a composite number?
False
Let h = 1821 - -3118. Is h prime?
False
Suppose 2*k + 14 = 4*f, -10 = -4*f - 4*k + 2*k. Suppose 2*l + 5*c - 25 = -3*l, 5*c - 15 = -3*l. Suppose l*t = -f*r + 200, 5*r + 0*t = t + 324. Is r prime?
False
Is ((-16996)/6)/(84/(-126)) composite?
True
Suppose -5*x + x - 107599 = 3*w, x + 2*w = -26906. Is x/(-40) + (-6)/(-10) prime?
True
Let x(t) b